{"id":8,"date":"2018-10-24T15:07:06","date_gmt":"2018-10-24T18:07:06","guid":{"rendered":"http:\/\/190.124.224.150\/cursowp\/est_aplicada_FAUD\/?page_id=8"},"modified":"2021-03-10T20:16:49","modified_gmt":"2021-03-10T23:16:49","slug":"inicio","status":"publish","type":"page","link":"https:\/\/www.est-aplicada.faud.unsj.edu.ar\/index.php\/inicio\/","title":{"rendered":"Inicio"},"content":{"rendered":"<h2><strong>\u00a1Bienvenidos!<\/strong><\/h2>\n<p>Al Blog de <strong>Estad\u00edstica Aplicada al Dise\u00f1o<\/strong>, de las Carreras Dise\u00f1o Industrial y Dise\u00f1o Gr\u00e1fico de la Facultad de Arquitectura, Urbanismo y Dise\u00f1o de la Universidad Nacional de San Juan. Este sitio est\u00e1 destinado a estudiantes y docentes.<\/p>\n<p>Teniendo presente la \u00e9poca, ritmos y procesos de aprendizajes singulares de los estudiantes de hoy en d\u00eda, nos permitimos&nbsp;<strong>extender<\/strong>&nbsp;el aula presencial y el espacio de apoyo a este nuevo medio, que es el Blog de c\u00e1tedra.<\/p>\n<p>En este, los estudiantes podr\u00e1n tener los avisos sobre el desarrollo del cursado o noticias, la reglamentaci\u00f3n, el programa, el calendario que respecta al cursado y materiales para la pr\u00e1cticas, como as\u00ed tambi\u00e9n algunos enlaces de inter\u00e9s.<\/p>\n","protected":false},"excerpt":{"rendered":"<p>\u00a1Bienvenidos! Al Blog de Estad\u00edstica Aplicada al Dise\u00f1o, de las Carreras Dise\u00f1o Industrial y Dise\u00f1o Gr\u00e1fico de la Facultad de Arquitectura, Urbanismo y Dise\u00f1o de la Universidad Nacional de San Juan. Este sitio est\u00e1 destinado a estudiantes y docentes. Teniendo presente la \u00e9poca, ritmos y procesos de aprendizajes singulares de los estudiantes de hoy en<\/p><\/div>\n<div class=\"blog-btn\"><a href=\"https:\/\/www.est-aplicada.faud.unsj.edu.ar\/index.php\/inicio\/\" class=\"home-blog-btn\">Leer m\u00e1s<\/a><\/p>\n","protected":false},"author":1,"featured_media":0,"parent":0,"menu_order":0,"comment_status":"closed","ping_status":"closed","template":"","meta":{"_mc_calendar":[],"footnotes":""},"class_list":["post-8","page","type-page","status-publish","hentry"],"_links":{"self":[{"href":"https:\/\/www.est-aplicada.faud.unsj.edu.ar\/index.php\/wp-json\/wp\/v2\/pages\/8","targetHints":{"allow":["GET"]}}],"collection":[{"href":"https:\/\/www.est-aplicada.faud.unsj.edu.ar\/index.php\/wp-json\/wp\/v2\/pages"}],"about":[{"href":"https:\/\/www.est-aplicada.faud.unsj.edu.ar\/index.php\/wp-json\/wp\/v2\/types\/page"}],"author":[{"embeddable":true,"href":"https:\/\/www.est-aplicada.faud.unsj.edu.ar\/index.php\/wp-json\/wp\/v2\/users\/1"}],"replies":[{"embeddable":true,"href":"https:\/\/www.est-aplicada.faud.unsj.edu.ar\/index.php\/wp-json\/wp\/v2\/comments?post=8"}],"version-history":[{"count":11,"href":"https:\/\/www.est-aplicada.faud.unsj.edu.ar\/index.php\/wp-json\/wp\/v2\/pages\/8\/revisions"}],"predecessor-version":[{"id":579,"href":"https:\/\/www.est-aplicada.faud.unsj.edu.ar\/index.php\/wp-json\/wp\/v2\/pages\/8\/revisions\/579"}],"wp:attachment":[{"href":"https:\/\/www.est-aplicada.faud.unsj.edu.ar\/index.php\/wp-json\/wp\/v2\/media?parent=8"}],"curies":[{"name":"wp","href":"https:\/\/api.w.org\/{rel}","templated":true}]}}

<h2><strong>¡Bienvenidos!</strong></h2>
<p>Al Blog de <strong>Estadística Aplicada al Diseño</strong>, de las Carreras Diseño Industrial y Diseño Gráfico de la Facultad de Arquitectura, Urbanismo y Diseño de la Universidad Nacional de San Juan. Este sitio está destinado a estudiantes y docentes.</p>
<p>Teniendo presente la época, ritmos y procesos de aprendizajes singulares de los estudiantes de hoy en día, nos permitimos&nbsp;<strong>extender</strong>&nbsp;el aula presencial y el espacio de apoyo a este nuevo medio, que es el Blog de cátedra.</p>
<p>En este, los estudiantes podrán tener los avisos sobre el desarrollo del cursado o noticias, la reglamentación, el programa, el calendario que respecta al cursado y materiales para la prácticas, como así también algunos enlaces de interés.</p>

<p>¡Bienvenidos! Al Blog de Estadística Aplicada al Diseño, de las Carreras Diseño Industrial y Diseño Gráfico de la Facultad de Arquitectura, Urbanismo y Diseño de la Universidad Nacional de San Juan. Este sitio está destinado a estudiantes y docentes. Teniendo presente la época, ritmos y procesos de aprendizajes singulares de los estudiantes de hoy en</p></div>
<div class="blog-btn"><a href="https://www.est-aplicada.faud.unsj.edu.ar/index.php/inicio/" class="home-blog-btn">Leer más</a></p>
